{"id":210,"date":"2019-04-29T13:38:04","date_gmt":"2019-04-29T13:38:04","guid":{"rendered":"https:\/\/2020-soltau.retreat.wordcamp.org\/?page_id=210"},"modified":"2020-02-29T18:12:16","modified_gmt":"2020-02-29T17:12:16","slug":"home","status":"publish","type":"page","link":"https:\/\/retreat.wordcamp.org\/2020-soltau\/","title":{"rendered":"Home"},"content":{"rendered":"\n<p style=\"color:#ffffff\" class=\"has-text-color has-background has-text-align-center has-large-font-size has-vivid-red-background-color\"><strong><a href=\"https:\/\/2020-soltau.retreat.wordcamp.org\/2020\/02\/29\/verschiebung-des-wordcamp-retreat-postponing-of-wordcamp-retreat\/\">Verschiebung des WordCamp Retreat 2020 \/\/ Postponing of WordCamp Retreat 2020<\/a><\/strong><\/p>\n\n\n\n<div class=\"wp-block-columns has-4-columns is-layout-flex wp-container-core-columns-is-layout-9d6595d7 wp-block-columns-is-layout-flex\">\n<div class=\"wp-block-column home-top-block shutter-out-horizontal is-layout-flow wp-block-column-is-layout-flow\">\n<a href=\"\/alles-an-einem-ort\/\"><i class=\"icon-map-marker icon-4x\"><\/i><\/a>\n\n\n\n<p class=\"has-text-align-center\"><a href=\"https:\/\/2020-soltau.retreat.wordcamp.org\/alles-an-einem-ort\/\">Location<\/a><\/p>\n<\/div>\n\n\n\n<div class=\"wp-block-column home-top-block shutter-out-horizontal is-layout-flow wp-block-column-is-layout-flow\">\n<a href=\"\/#callfor\"><i class=\"icon-bullhorn icon-4x\"><\/i><\/a>\n\n\n\n<p class=\"has-text-align-center\"><a href=\"#callfor\">Call for&#8230;<\/a><\/p>\n<\/div>\n\n\n\n<div class=\"wp-block-column home-top-block shutter-out-horizontal is-layout-flow wp-block-column-is-layout-flow\">\n<a href=\"\/sponsoring\/\"><i class=\"icon-trophy icon-4x\"><\/i><\/a>\n\n\n\n<p class=\"has-text-align-center\"><a href=\"https:\/\/2020-soltau.retreat.wordcamp.org\/sponsoring\/\">Sponsoren<\/a><\/p>\n<\/div>\n\n\n\n<div class=\"wp-block-column home-top-block shutter-out-horizontal is-layout-flow wp-block-column-is-layout-flow\">\n<a href=\"\/tickets\/\"><i class=\"icon-ticket icon-4x\"><\/i><\/a>\n\n\n\n<p class=\"has-text-align-center\"><a href=\"https:\/\/2020-soltau.retreat.wordcamp.org\/tickets\/\">Tickets<\/a><\/p>\n<\/div>\n<\/div>\n\n\n\n<p><strong>Das WordCamp Retreat geht in die zweite Runde<\/strong><\/p>\n\n\n\n<p>Moin Moin,<\/p>\n\n\n\n<p>im Mai 2020 ist es wieder soweit! Ein super enstpanntes WordCamp mitten im Gr\u00fcnen, mit netten Menschen und tollen Sessions in einem echt klasse Hotel.<\/p>\n\n\n\n<p>Ich w\u00fcrde mich freuen wenn Du auch n\u00e4chstes Mal dabei bist, vielleicht sogar als <a href=\"https:\/\/2020-soltau.retreat.wordcamp.org\/sponsoring\/\">Sponsor<\/a>?! Noch sind <a href=\"https:\/\/2020-soltau.retreat.wordcamp.org\/ticketverkauf-ticketsale\/\">Tickets<\/a> verf\u00fcgbar!<\/p>\n\n\n\n<p>Lieben Gru\u00df,<\/p>\n\n\n\n<p>Deine Heidschnucke!<\/p>\n\n\n\n<hr class=\"wp-block-separator\" \/>\n\n\n\n<h2 class=\"has-text-align-center wp-block-heading\">Erlebe WordPress Community wie nie zuvor<\/h2>\n\n\n\n<p class=\"has-text-align-center\">WordCamp Retreat Soltau 2020<br> 30. April \/\/ 1. Mai \/\/ 2. Mai \/\/ 3. Mai 2020<\/p>\n\n\n\n<hr class=\"wp-block-separator\" \/>\n\n\n\n<h2 class=\"wp-block-heading\" id=\"callfor\">Macht mit, helft mit!<\/h2>\n\n\n\n<p>Du m\u00f6chtest deinen Teil zum WordCamp Retreat Soltau beitragen? Dann bewerbt euch als Sponsor, Speaker oder Volunteer! Oder habt ihr weitere Ideen f\u00fcr dieses WordCamp-Format? Dann schaut euch den Call for Community an!<\/p>\n\n\n\n<p>English: Do you want to contribute to the WordCamp Retreat Soltau? Apply to be a sponsor, speaker or volunteer! Or do you have further ideas for this WordCamp format? Check out the Call for Community!<\/p>\n\n\n\n<h2 class=\"wp-block-heading\">So war das WordCamp Retreat 2018<\/h2>\n\n\n\n<p>Vor zwei Jahren wurde das erste WordCamp im v\u00f6llig neuen Retreat-Format getestet &#8211; und war ein voller Erfolg. Die Besucher und Aussteller \u00fcberzeugte das Alles-an-einem-Ort-Konzept mit der M\u00f6glichkeit des intensiven Austauschs. Aber lies selbst &#8211; folgend einige R\u00fcckblicke vom WordCamp Retreat 2018:<\/p>\n\n\n\n<ul class=\"wp-block-list\"><li><a rel=\"noreferrer noopener\" aria-label=\"savvii.com (\u00f6ffnet in neuem Tab)\" href=\"https:\/\/www.savvii.com\/blog\/wordcamp-retreat-soltau-recap\/\" target=\"_blank\">savvii.com<\/a><\/li><li><a rel=\"noreferrer noopener\" aria-label=\"raidboxes.io (\u00f6ffnet in neuem Tab)\" href=\"https:\/\/raidboxes.io\/blog\/wordpress\/wordcamp-retreat-soltau\/\" target=\"_blank\">raidboxes.io<\/a><\/li><li><a rel=\"noreferrer noopener\" aria-label=\"stefankremer.de (\u00f6ffnet in neuem Tab)\" href=\"https:\/\/stefankremer.de\/web\/wordpress\/wordcamp-retreat-soltau-2018-recap.html\" target=\"_blank\">stefankremer.de<\/a><\/li><li><a rel=\"noreferrer noopener\" aria-label=\"wptavern.com (\u00f6ffnet in neuem Tab)\" href=\"https:\/\/wptavern.com\/recap-of-attending-the-first-wordcamp-retreat\" target=\"_blank\">wptavern.com<\/a><\/li><li><a rel=\"noreferrer noopener\" aria-label=\"tfrommen.de (\u00f6ffnet in neuem Tab)\" href=\"https:\/\/tfrommen.de\/wordcamp-retreat-soltau-2018-recap\/\" target=\"_blank\">tfrommen.de<\/a><\/li><li><a rel=\"noreferrer noopener\" aria-label=\"was-mit-internet.de (\u00f6ffnet in neuem Tab)\" href=\"https:\/\/www.was-mit-internet.de\/recap-wordcamp\/\" target=\"_blank\">was-mit-internet.de<\/a><\/li><li><a rel=\"noreferrer noopener\" aria-label=\"marketpress.de (\u00f6ffnet in neuem Tab)\" href=\"https:\/\/marketpress.de\/wordcamp-retreat-woocommerce\/\" target=\"_blank\">marketpress.de<\/a><\/li><li><a rel=\"noreferrer noopener\" aria-label=\"straightvisions.com (\u00f6ffnet in neuem Tab)\" href=\"https:\/\/straightvisions.com\/neues\/wordcamp-retreat-soltau-2018\/\" target=\"_blank\">straightvisions.com<\/a><\/li><li><a rel=\"noreferrer noopener\" aria-label=\"epiph.yt (\u00f6ffnet in neuem Tab)\" href=\"https:\/\/epiph.yt\/blog\/2018\/rueckblick-zum-wordcamp-retreat-2018-in-soltau\/\" target=\"_blank\">epiph.yt<\/a><\/li><li><a rel=\"noreferrer noopener\" aria-label=\"presswerk.net (\u00f6ffnet in neuem Tab)\" href=\"https:\/\/presswerk.net\/pw040\/\" target=\"_blank\">presswerk.net<\/a><\/li><li><a rel=\"noreferrer noopener\" aria-label=\"pixelbar.be (\u00f6ffnet in neuem Tab)\" href=\"https:\/\/pixelbar.be\/blog\/wordcamp-retreat-soltau-2018-ab-ins-gruene\/\" target=\"_blank\">pixelbar.be<\/a><\/li><\/ul>\n\n\n\n<hr class=\"wp-block-separator\" \/>\n\n\n\n<h2 class=\"wp-block-heading\">Diamant Sponsoren<\/h2>\n\n\n\n<div class=\"wp-block-columns is-layout-flex wp-container-core-columns-is-layout-9d6595d7 wp-block-columns-is-layout-flex\">\n<div class=\"wp-block-column is-layout-flow wp-block-column-is-layout-flow\">\n<div class=\"wp-block-group\"><div class=\"wp-block-group__inner-container is-layout-flow wp-block-group-is-layout-flow\">\n<figure class=\"wp-block-image size-large\"><a href=\"https:\/\/2020-soltau.retreat.wordcamp.org\/sponsor\/result-gmbh\/\"><img loading=\"lazy\" decoding=\"async\" width=\"900\" height=\"250\" src=\"https:\/\/2020-soltau.retreat.wordcamp.org\/files\/2020\/02\/result-logo-1.png\" alt=\"\" class=\"wp-image-9075\" srcset=\"https:\/\/retreat.wordcamp.org\/2020-soltau\/files\/2020\/02\/result-logo-1.png 900w, https:\/\/retreat.wordcamp.org\/2020-soltau\/files\/2020\/02\/result-logo-1-300x83.png 300w, https:\/\/retreat.wordcamp.org\/2020-soltau\/files\/2020\/02\/result-logo-1-768x213.png 768w, https:\/\/retreat.wordcamp.org\/2020-soltau\/files\/2020\/02\/result-logo-1-500x139.png 500w\" sizes=\"auto, (max-width: 706px) 89vw, (max-width: 767px) 82vw, 740px\" \/><\/a><\/figure>\n<\/div><\/div>\n\n\n\n<figure class=\"wp-block-image size-large\"><a href=\"https:\/\/2020-soltau.retreat.wordcamp.org\/sponsor\/jetpack\/\"><img loading=\"lazy\" decoding=\"async\" width=\"900\" height=\"250\" src=\"https:\/\/2020-soltau.retreat.wordcamp.org\/files\/2020\/02\/jetpack-logo.png\" alt=\"\" class=\"wp-image-9073\" srcset=\"https:\/\/retreat.wordcamp.org\/2020-soltau\/files\/2020\/02\/jetpack-logo.png 900w, https:\/\/retreat.wordcamp.org\/2020-soltau\/files\/2020\/02\/jetpack-logo-300x83.png 300w, https:\/\/retreat.wordcamp.org\/2020-soltau\/files\/2020\/02\/jetpack-logo-768x213.png 768w, https:\/\/retreat.wordcamp.org\/2020-soltau\/files\/2020\/02\/jetpack-logo-500x139.png 500w\" sizes=\"auto, (max-width: 706px) 89vw, (max-width: 767px) 82vw, 740px\" \/><\/a><\/figure>\n<\/div>\n\n\n\n<div class=\"wp-block-column is-layout-flow wp-block-column-is-layout-flow\">\n<figure class=\"wp-block-image size-large\"><a href=\"https:\/\/2020-soltau.retreat.wordcamp.org\/sponsor\/ionos\/\"><img loading=\"lazy\" decoding=\"async\" width=\"900\" height=\"250\" src=\"https:\/\/2020-soltau.retreat.wordcamp.org\/files\/2020\/02\/ionos-logo-1.png\" alt=\"\" class=\"wp-image-9076\" srcset=\"https:\/\/retreat.wordcamp.org\/2020-soltau\/files\/2020\/02\/ionos-logo-1.png 900w, https:\/\/retreat.wordcamp.org\/2020-soltau\/files\/2020\/02\/ionos-logo-1-300x83.png 300w, https:\/\/retreat.wordcamp.org\/2020-soltau\/files\/2020\/02\/ionos-logo-1-768x213.png 768w, https:\/\/retreat.wordcamp.org\/2020-soltau\/files\/2020\/02\/ionos-logo-1-500x139.png 500w\" sizes=\"auto, (max-width: 706px) 89vw, (max-width: 767px) 82vw, 740px\" \/><\/a><\/figure>\n\n\n\n<figure class=\"wp-block-image size-large\"><a href=\"https:\/\/2020-soltau.retreat.wordcamp.org\/sponsor\/woocommerce\/\"><img loading=\"lazy\" decoding=\"async\" width=\"900\" height=\"250\" src=\"https:\/\/2020-soltau.retreat.wordcamp.org\/files\/2020\/02\/woocommerce-logo.png\" alt=\"\" class=\"wp-image-9071\" srcset=\"https:\/\/retreat.wordcamp.org\/2020-soltau\/files\/2020\/02\/woocommerce-logo.png 900w, https:\/\/retreat.wordcamp.org\/2020-soltau\/files\/2020\/02\/woocommerce-logo-300x83.png 300w, https:\/\/retreat.wordcamp.org\/2020-soltau\/files\/2020\/02\/woocommerce-logo-768x213.png 768w, https:\/\/retreat.wordcamp.org\/2020-soltau\/files\/2020\/02\/woocommerce-logo-500x139.png 500w\" sizes=\"auto, (max-width: 706px) 89vw, (max-width: 767px) 82vw, 740px\" \/><\/a><\/figure>\n\n\n\n<p><\/p>\n<\/div>\n\n\n\n<div class=\"wp-block-column is-layout-flow wp-block-column-is-layout-flow\"><\/div>\n<\/div>\n\n\n\n<p><\/p>\n\n\n\n<h2 class=\"wp-block-heading\">Gold Sponsoren<\/h2>\n\n\n\n<div class=\"wp-block-columns is-layout-flex wp-container-core-columns-is-layout-9d6595d7 wp-block-columns-is-layout-flex\">\n<div class=\"wp-block-column is-layout-flow wp-block-column-is-layout-flow\">\n<figure class=\"wp-block-image size-large\"><a href=\"https:\/\/2020-soltau.retreat.wordcamp.org\/sponsor\/raidboxes\/\"><img loading=\"lazy\" decoding=\"async\" width=\"900\" height=\"250\" src=\"https:\/\/2020-soltau.retreat.wordcamp.org\/files\/2020\/02\/raidboxes-logo-1.png\" alt=\"\" class=\"wp-image-9089\" srcset=\"https:\/\/retreat.wordcamp.org\/2020-soltau\/files\/2020\/02\/raidboxes-logo-1.png 900w, https:\/\/retreat.wordcamp.org\/2020-soltau\/files\/2020\/02\/raidboxes-logo-1-300x83.png 300w, https:\/\/retreat.wordcamp.org\/2020-soltau\/files\/2020\/02\/raidboxes-logo-1-768x213.png 768w, https:\/\/retreat.wordcamp.org\/2020-soltau\/files\/2020\/02\/raidboxes-logo-1-500x139.png 500w\" sizes=\"auto, (max-width: 706px) 89vw, (max-width: 767px) 82vw, 740px\" \/><\/a><\/figure>\n\n\n\n<figure class=\"wp-block-image size-large\"><a href=\"https:\/\/2020-soltau.retreat.wordcamp.org\/sponsor\/bluehost\/\"><img loading=\"lazy\" decoding=\"async\" width=\"900\" height=\"250\" src=\"https:\/\/2020-soltau.retreat.wordcamp.org\/files\/2020\/02\/bluehost-logo.png\" alt=\"\" class=\"wp-image-9084\" srcset=\"https:\/\/retreat.wordcamp.org\/2020-soltau\/files\/2020\/02\/bluehost-logo.png 900w, https:\/\/retreat.wordcamp.org\/2020-soltau\/files\/2020\/02\/bluehost-logo-300x83.png 300w, https:\/\/retreat.wordcamp.org\/2020-soltau\/files\/2020\/02\/bluehost-logo-768x213.png 768w, https:\/\/retreat.wordcamp.org\/2020-soltau\/files\/2020\/02\/bluehost-logo-500x139.png 500w\" sizes=\"auto, (max-width: 706px) 89vw, (max-width: 767px) 82vw, 740px\" \/><\/a><\/figure>\n<\/div>\n\n\n\n<div class=\"wp-block-column is-layout-flow wp-block-column-is-layout-flow\">\n<figure class=\"wp-block-image size-large\"><a href=\"https:\/\/2020-soltau.retreat.wordcamp.org\/sponsor\/wir-lieben-wordpress\/\"><img loading=\"lazy\" decoding=\"async\" width=\"900\" height=\"250\" src=\"https:\/\/2020-soltau.retreat.wordcamp.org\/files\/2020\/02\/wlwp-logo.png\" alt=\"\" class=\"wp-image-9087\" srcset=\"https:\/\/retreat.wordcamp.org\/2020-soltau\/files\/2020\/02\/wlwp-logo.png 900w, https:\/\/retreat.wordcamp.org\/2020-soltau\/files\/2020\/02\/wlwp-logo-300x83.png 300w, https:\/\/retreat.wordcamp.org\/2020-soltau\/files\/2020\/02\/wlwp-logo-768x213.png 768w, https:\/\/retreat.wordcamp.org\/2020-soltau\/files\/2020\/02\/wlwp-logo-500x139.png 500w\" sizes=\"auto, (max-width: 706px) 89vw, (max-width: 767px) 82vw, 740px\" \/><\/a><\/figure>\n\n\n\n<figure class=\"wp-block-image size-large\"><a href=\"https:\/\/2020-soltau.retreat.wordcamp.org\/sponsor\/godaddy\/\"><img loading=\"lazy\" decoding=\"async\" width=\"600\" height=\"94\" src=\"https:\/\/2020-soltau.retreat.wordcamp.org\/files\/2020\/02\/godaddy-pro.png\" alt=\"\" class=\"wp-image-9135\" srcset=\"https:\/\/retreat.wordcamp.org\/2020-soltau\/files\/2020\/02\/godaddy-pro.png 600w, https:\/\/retreat.wordcamp.org\/2020-soltau\/files\/2020\/02\/godaddy-pro-300x47.png 300w, https:\/\/retreat.wordcamp.org\/2020-soltau\/files\/2020\/02\/godaddy-pro-500x78.png 500w\" sizes=\"auto, (max-width: 600px) 100vw, 600px\" \/><\/a><\/figure>\n<\/div>\n\n\n\n<div class=\"wp-block-column is-layout-flow wp-block-column-is-layout-flow\"><\/div>\n<\/div>\n","protected":false},"excerpt":{"rendered":"<p>Verschiebung des WordCamp Retreat 2020 \/\/ Postponing of WordCamp Retreat 2020 Location Call for&#8230; Sponsoren Tickets Das WordCamp Retreat geht in die zweite Runde Moin Moin, im Mai 2020 ist es wieder soweit! Ein super enstpanntes WordCamp mitten im Gr\u00fcnen, mit netten Menschen und tollen Sessions in einem echt klasse Hotel. Ich w\u00fcrde mich freuen &hellip; <\/p>\n<p class=\"link-more\"><a href=\"https:\/\/retreat.wordcamp.org\/2020-soltau\/\" class=\"more-link\"><span class=\"screen-reader-text\">\u201eHome\u201c<\/span> weiterlesen<\/a><\/p>\n","protected":false},"author":13744016,"featured_media":215,"parent":0,"menu_order":0,"comment_status":"closed","ping_status":"closed","template":"","meta":{"jetpack_post_was_ever_published":false,"footnotes":""},"class_list":["post-210","page","type-page","status-publish","has-post-thumbnail","hentry"],"jetpack_sharing_enabled":false,"jetpack_shortlink":"https:\/\/wp.me\/Pab3xr-3o","_links":{"self":[{"href":"https:\/\/retreat.wordcamp.org\/2020-soltau\/wp-json\/wp\/v2\/pages\/210","targetHints":{"allow":["GET"]}}],"collection":[{"href":"https:\/\/retreat.wordcamp.org\/2020-soltau\/wp-json\/wp\/v2\/pages"}],"about":[{"href":"https:\/\/retreat.wordcamp.org\/2020-soltau\/wp-json\/wp\/v2\/types\/page"}],"author":[{"embeddable":true,"href":"https:\/\/retreat.wordcamp.org\/2020-soltau\/wp-json\/wp\/v2\/users\/13744016"}],"replies":[{"embeddable":true,"href":"https:\/\/retreat.wordcamp.org\/2020-soltau\/wp-json\/wp\/v2\/comments?post=210"}],"version-history":[{"count":79,"href":"https:\/\/retreat.wordcamp.org\/2020-soltau\/wp-json\/wp\/v2\/pages\/210\/revisions"}],"predecessor-version":[{"id":9254,"href":"https:\/\/retreat.wordcamp.org\/2020-soltau\/wp-json\/wp\/v2\/pages\/210\/revisions\/9254"}],"wp:featuredmedia":[{"embeddable":true,"href":"https:\/\/retreat.wordcamp.org\/2020-soltau\/wp-json\/wp\/v2\/media\/215"}],"wp:attachment":[{"href":"https:\/\/retreat.wordcamp.org\/2020-soltau\/wp-json\/wp\/v2\/media?parent=210"}],"curies":[{"name":"wp","href":"https:\/\/api.w.org\/{rel}","templated":true}]}}